/(-6). Let q(m) = -m**2 + 3. Let j be q(n). What is the units digit of 1*(1 - j) - -2?
9
Suppose -128 = -2*q + 16. What is the units digit of q?
2
Let p = -101 + 53. Suppose 4*x + 35 = -j + 5*x, -4 = -2*x. Let m = j - p. What is the tens digit of m?
1
Let s = 5 + -2. Suppose 2*v = r - 2*r - 3, -s*r + 5*v + 46 = 0. Let f = 15 - r. What is the units digit of f?
8
Let w be ((-5)/(-3) - 2)*0. Suppose -p = -5*v + 7, -5*v - 2*p + 1 + 0 = w. What is the units digit of 3/(6/16*v)?
8
Suppose -3*i = -7*i - 3*a + 56, 2*a = 0. What is the tens digit of i?
1
Let o be (2/2)/(3/12). Suppose k = 2*k - o. What is the units digit of k?
4
Let n(k) be the second derivative of -k**4/12 + k**3/6 + 3*k**2 + k. Let o be n(0). Suppose 8 = o*j - 2*j. What is the units digit of j?
2
Let b(p) = 2*p**2 - 2*p - 1. What is the tens digit of b(-2)?
1
Let n(f) = -f**2 + 4*f + 2. Let q be n(5). Let a = q - -8. Suppose -o = -2*o + a. What is the units digit of o?
5
What is the units digit of (6/5)/(4/190)?
7
Let q = 5 + -8. What is the units digit of q + 1/(-2)*-10?
2
Let a(q) = q**2 + 4*q + 4. What is the units digit of a(-5)?
9
Let y(a) = a**2 + 8*a + 7. Let r be y(-5). Let t be (9/(-6))/((-3)/r). Let w(q) = q**2 + 3*q. What is the units digit of w(t)?
4
Let c(d) = -4*d + 1. Let j = 0 + -3. What is the units digit of c(j)?
3
Suppose 0 = -c - 5, 3*y - 2*y + 5*c + 18 = 0. What is the units digit of y?
7
Let q(b) = 148*b**2 - 2. What is the units digit of q(1)?
6
What is the units digit of -4 - (2/15 + 3362/(-15))?
0
Let m(s) = -3*s + 2. Let t be m(-2). Let l be (-6)/(-4)*28/3. Let n = l - t. What is the units digit of n?
6
Suppose -j - 876 = -7*j. What is the tens digit of j?
4
Let k be -5 + (-2)/(2 + 0). Suppose -5*m - 4*t = -19, 2*t + 2 - 1 = m. What is the units digit of (5 - 0) + k/m?
3
Let t be 2*-1 - (-7 - 0). Suppose -b - 5 = -4*j, t*b + 2*j - 61 - 24 = 0. What is the tens digit of b?
1
Suppose 6*o - o = 5*r - 20, 11 = -2*o - r. Let x = o - -10. What is the units digit of x?
5
Suppose 0 = 3*c - 5*c - 30. Let p = c - -22. What is the units digit of p?
7
Let d = 1 + -1. Let q(v) = 2*v**2 - 2*v - 1. Let j be q(2). Let x = j - d. What is the units digit of x?
3
What is the units digit of (-847)/(-22) - (-1)/2?
9
Let u(s) = s**3 + 5*s**2 + 3*s - 2. Let i be u(-4). Suppose -i*f + 0*f = -14. Suppose -j - 2 = -f. What is the units digit of j?
5
Suppose 36 = -4*z + 308. What is the units digit of z?
8
Let z(q) = q**2 + 19. What is the units digit of z(6)?
5
Let o(n) = -n**3 - 2*n**2 + 3*n + 3. Let a be o(-3). Suppose -a*u - 5 = -32. What is the units digit of u?
9
Let s be -1 - (2 - 3*-3). Let b be 308/26 + 12/78. What is the units digit of 90/b*s/(-10)?
9
Suppose 0 = -2*w - 0*w + 16. Let r be 1/(4/(-3))*w. Let i = r + 13. What is the units digit of i?
7
Suppose 0 = 2*w - 8, 4*y - 8*w = -3*w - 12. Suppose -5*q - y*h + 4 = -69, q - 3*h - 18 = 0. What is the units digit of q?
5
What is the tens digit of 1/3 + (-357)/(-9)?
4
Let d(b) = -36*b + 28. Let u(y) = -4*y + 3. Let c(n) = 3*d(n) - 28*u(n). What is the tens digit of c(3)?
1
Let y be 4*(-4)/(-16)*5. Suppose -38 = -3*f + f - y*p, 20 = f + 3*p. What is the tens digit of f?
1
Suppose -n - 12 = -5*n. Suppose 5*b - 1 - 19 = 0, 5*c + n*b - 237 = 0. What is the units digit of c?
5
Suppose -3*m = 5 - 41. Let n = 36 - m. What is the tens digit of n?
2
What is the units digit of ((-6)/10)/(2/10) + 8?
5
What is the units digit of ((-2570)/14)/(-1) - (-44)/(-77)?
3
Let l(z) = 3 - 3 + z**2 + 3 - 6*z. Suppose -16 = -2*p - 4*t, 0 = 3*p + 3*t - 25 + 4. What is the units digit of l(p)?
3
Let s = -14 - -43. Suppose 5*u = 2*w + 10, 3*w - 1 + 6 = 5*u. Suppose s = v + 4*g, v - w*g - 5 = -21. What is the units digit of v?
9
Suppose -20 = -2*l + 12. Let g = l - 12. What is the units digit of g?
4
Let n = 2 - -1. Suppose 0 = -3*k, -d + n*k + 4 = -0. Suppose -d*c + 4*b = -6*c + 12, 0 = -5*c + 5*b. What is the units digit of c?
2
Suppose -d - d + 20 = 0. Let a(t) = -t**3 + 9*t**2 + 11*t + 14. What is the tens digit of a(d)?
2
Let c(a) = a**3 - 12*a**2 + 3*a + 15. What is the tens digit of c(12)?
5
Suppose 0 = g - 3*a - 5, 0 = -g + 4*a + a + 1. Let y = g - 8. What is the units digit of y?
3
Let m(b) = -4*b. Let l be m(-5). Let f = l + -5. What is the tens digit of f?
1
Let w(v) = 3*v**2 + 2*v - 2. What is the hundreds digit of w(-8)?
1
Let k(l) = -l + 1. Let t be k(1). Suppose -b - 21 = 4*g - 6*b, t = -5*g + b. What is the units digit of ((-8)/(-10))/(g/15)?
2
Suppose -12*s + 14*s = 100. What is the tens digit of s?
5
Let f(r) = -29 + 7*r**2 + 4*r + 44 - 18. What is the units digit of f(2)?
3
Let z(a) be the first derivative of a**4/4 + 8*a**3/3 - 6*a**2 - 13*a - 1. What is the units digit of z(-9)?
4
Let y = 112 - 53. Suppose -5*o + 17 = 2*k + 2*k, o = k + 7. Suppose p - y = -5*h, -35 = o*h - p - 96. What is the tens digit of h?
1
Suppose 4*c - 36 = 132. What is the units digit of c?
2
Let f = 153 - 58. What is the tens digit of f?
9
Suppose u + u - 6 = 0. Let m = u + -3. Let i(c) = -c**2 - c + 12. What is the tens digit of i(m)?
1
Suppose 2*y - 71 = 177. What is the units digit of y?
4
Suppose 2*m = 3*b - 9, b - m = -3*b + 7. Suppose 4*y - 43 - b = 0. Suppose -x + 2 = -y. What is the units digit of x?
3
Suppose 5*j + 12 = 37. Suppose 0 = -j*a - 0 + 35. What is the units digit of a?
7
Let z(t) = -t**3 + 6*t**2 + 1. What is the tens digit of z(5)?
2
Suppose -2*u - k + 4 = 0, u - 12 = -u + k. Suppose 20 + 28 = u*j. What is the units digit of j?
2
Suppose 4*s - 72 = 164. What is the units digit of s?
9
Let d(c) = -c. Let q be d(-2). Suppose q*o - 27 = o. What is the tens digit of o?
2
Let u(m) = -m**3 + 8*m**2 + 12*m - 10. What is the tens digit of u(8)?
8
Suppose 122 = 2*n + 3*a + a, 4*n = 2*a + 284. What is the tens digit of n?
6
Suppose 2*h + 5*z - 4*z - 15 = 0, -28 = -4*h - 4*z. What is the units digit of h?
8
Let d(b) = -12*b - 1. Suppose -m - 3*m - 16 = 4*p, 3*m + 5*p + 18 = 0. What is the units digit of d(m)?
1
Let i(s) = s + 1. Let r(t) = t**3 - 2*t**2 - 2*t + 3. Let j be r(2). Let b(c) = -2*c - 2. Let q(u) = j*i(u) - b(u). What is the units digit of q(2)?
3
Let g(c) = c**3 + 12*c**2 + 7. Let q be g(-12). What is the units digit of 1*41 + (5 - q)?
9
Let h(d) = 50*d + 4. Let l be h(2). Suppose 4*o + 20 = l. What is the units digit of o?
1
Let v = 13 + -14. Let w(o) = -16*o. What is the units digit of w(v)?
6
Suppose 3*l + l + 4*p - 44 = 0, l = 4*p - 14. Let d = 1 - l. Let h(y) = -y**2 - 6*y + 1. What is the units digit of h(d)?
6
Suppose 5*r - 15 = 0, 2*r = -5*y + 4*r + 14. Suppose 0 = -j - y*j + 20. What is the units digit of j?
4
Suppose -7*x + 4*x = -12, 3*i + 4*x - 49 = 0. Let r = -6 + i. Let o(l) = -l + 6. What is the units digit of o(r)?
1
Let f(s) = 16*s - 4. What is the units digit of f(3)?
4
Let b(u) = u**2 + 6*u + 6. Let o be b(-5). Suppose z - 2 = o. What is the units digit of z?
3
Suppose 5*c + 13 = -5*k - 22, 3*c - 15 = 3*k. Let b(h) = -h**3 - 6*h**2 - 2*h - 5. What is the units digit of b(k)?
7
Let v(x) = -x**3 - 5*x**2 - 14. What is the tens digit of v(-6)?
2
Let s = 75 - -138. What is the tens digit of s?
1
Let v = -85 - -340. What is the units digit of v?
5
Let s(f) = -36*f + 3. What is the units digit of s(-2)?
5
Suppose 0 = w + 3. What is the units digit of (1/(-2))/(w/168)?
8
Let d(w) = w - 5. Let p be d(8). Suppose -p*t - 21 = -6*t. What is the units digit of t?
7
Let v(f) = -3*f + 2 + 3*f - 4*f. What is the units digit of v(-11)?
6
Let l(x) = x**2 + 7*x + 8. Let b be (-2)/(-2 + (-21)/(-9)). Let g be l(b). Suppose -3 = g*d + w, -9 = 2*d - 4*w - 31. What is the units digit of d?
1
Let z(a) = a**2 - a + 3. Let x be z(-4). Suppose 11*q - 10*q - x = 0. What is the units digit of q?
3
Let w(r) be the first derivative of 3 - 3*r**2 + 7*r - 2*r**3 + 1/4*r**4. What is the units digit of w(7)?
4
Let a = 3 - 3. Suppose a = 4*o - 2 + 22. What is the units digit of (4/(-5))/(1/o)?
4
Let t(o) = -o + 5. Let m be t(5). Let u(l) = 2*l**2 - 5*l - 2. Let b be u(6). Suppose m = -4*c - c + b. What is the units digit of c?
8
Let i = 81 + 175. What is the tens digit of i?
5
Suppose 40 = 5*s - 4*x, 70 = 7*s - 2*s + 2*x. What is the units digit of (6 - 8) + s*4?
6
Let p(g) = g**2 - 2*g + 2. Let k be p(3). Suppose -r + 3*n + 0*n = -38, 2*n = -k*r +